 j is divided by i?
24
Let o(a) = -9*a**2 + a. Let p be o(1). Let f(n) = -n**2 + 3*n - 2. Let r be f(p). Let z = r + 153. What is the remainder when z is divided by 13?
11
Let w(b) = -3*b + 4. Let d(f) = f**3 - 3*f**2 - 4*f + 8. Let n be d(4). Suppose -470 + 110 = -n*u. What is the remainder when u is divided by w(-4)?
13
What is the remainder when 544 is divided by 1/((2/(-6))/(49/(-21)))?
5
Let z(m) be the second derivative of -2*m**3/3 - 18*m**2 + 295*m + 1. Let o be (-1)/(-2) + 46/(-4). What is the remainder when z(o) is divided by 6?
2
Suppose -6*v + v + 540 = -2*l, -420 = -4*v + 4*l. What is the remainder when 3628 is divided by v?
108
Suppose -4 = -3*j - 4*u, 10 = 3*j + 2*j + 5*u. Suppose -j*v + 82 = -3*v. Let d = 79032 - 79020. What is the remainder when v is divided by d?
10
Suppose 686 = 71*u - 19*u - 510. Calculate the remainder when 500 is divided by u.
17
Suppose 6*i - 3*i - 15 = 2*l, 5*l - 15 = -3*i. Suppose -60 + 68 = 4*v. What is the remainder when i is divided by v?
1
Let h(i) = 31*i**3 + 2*i**2 - 5*i + 43. Calculate the remainder when h(5) is divided by 68.
67
Let q(d) = 188*d - 838. What is the remainder when q(7) is divided by 43/2 - 27/18?
18
Let h = 4948 + -4289. What is the remainder when h is divided by 22?
21
Let a = 32 - 32. Suppose 3*b + 0*b - 4*w = 17, a = -5*w + 20. Suppose -6*t = -8*t + 64. Calculate the remainder when t is divided by b.
10
Let b(k) = 17*k - 7. Suppose -304 = l - 106. Let o = -184 - l. Calculate the remainder when b(6) is divided by o.
11
Let o be 6/2*(-8)/36*-3. Let q be (-2)/(-4)*(o + 2). Suppose q*b - 14 + 2 = 0. What is the remainder when 12 is divided by b?
0
Let z be 0 - -6*1/(2/3). Suppose z*u - 9 = 18. Suppose g + 6 = u*g. Calculate the remainder when 6 is divided by g.
0
Suppose 0 = 93*i - 363*i + 24030. Calculate the remainder when 230 is divided by i.
52
Let q(c) = 0*c**3 - 8*c + 5 + 1 + c**3 + 7*c**2. What is the remainder when (123/(-12) + 11)*(-2 + 30) is divided by q(-8)?
3
Let v = 1197 - 824. Let y = 391 - v. Suppose -3*i + 120 + 87 = 0. What is the remainder when i is divided by y?
15
Let l(w) = 5*w**3 - 209*w**2 - 9*w - 126. What is the remainder when l(42) is divided by 87?
42
Let u(c) = -2*c**2 + 20*c - 44. Let q(o) = -7*o + 81. Let a be q(11). What is the remainder when 2/(-3)*-3 - -16 is divided by u(a)?
2
Let v = -1819 - -1883. What is the remainder when 575 is divided by v?
63
Let b(g) = g + 1. Let x be b(4). Suppose -1185*h + 21375 = -960*h. What is the remainder when h is divided by (-10)/(-2)*24/x?
23
Suppose 48*r - 54*r = -2676. Let o = -426 + r. What is the remainder when 131 is divided by o?
11
Let p(b) = 7*b + 29. Let i be p(12). Suppose 3*l - i = 4*c, -8*l - 2*c = -7*l - 21. Calculate the remainder when 50 is divided by l.
19
Let n(w) = 30*w + 0*w + 26 - 28*w. Calculate the remainder when 51 is divided by n(8).
9
Calculate the remainder when 2057808/2408 - (-4)/(-7) is divided by 31.
17
Let t(u) = u**3 + 20*u**2 + 62*u + 61. Calculate the remainder when 131 is divided by t(-16).
38
Calculate the remainder when (128/10)/(30 + (-41388)/1380) is divided by 36.
32
Let r(j) = -j**3 - 17*j**2 - 17*j - 13. Let h be r(-16). Suppose h*n + z - 492 = 0, -2*z = -4*n - 6*z + 656. What is the remainder when n is divided by 14?
10
Let c be 77/(-1*(-9)/171). Calculate the remainder when 1/(-6 - (-8779)/c) is divided by 61.
60
Let d be -4*(-6)/8 + (-2)/(-1). Let n(y) = -y + 26. Calculate the remainder when n(d) is divided by 17.
4
Let l(w) = 2*w**2 + 38*w - 158. Calculate the remainder when 315 is divided by l(4).
3
Let a(t) = 13*t**3 - 3*t + 2. Let m be 120 + -6 + 3 + 1. Suppose m = 2*u + 24. Calculate the remainder when u is divided by a(1).
11
What is the remainder when (-28)/(-35) + 332712/360 is divided by 298?
31
Let w(t) = -5980*t**3 + 2*t - 29*t**2 - 52 + 3 + 5981*t**3. Calculate the remainder when 24 is divided by w(29).
6
Let r(a) = 2*a**2 - 8*a - 126. What is the remainder when 128 is divided by r(-7)?
16
Suppose 81*a - 80*a = 4*i + 571, -1721 = -3*a + 4*i. What is the remainder when a is divided by 196?
183
Suppose -15*i + 363 = -14*i. Suppose i = 2*x + 9*x. What is the remainder when 91 is divided by x?
25
Suppose 0 = i - 2*h - 6, 32 - 2 = 5*i - h. Suppose 0 = i*p + 11 - 89. Calculate the remainder when p is divided by 3.
1
Let b(u) = 88*u + 15. Let n be b(2). Let j = n - 111. What is the remainder when j is divided by 43?
37
Let f be 4*(1 - (-6)/4). Suppose -m + f = -l, 50 = -5*l - 0*m - m. Calculate the remainder when (-25)/l*(-142)/(-5) is divided by 36.
35
Suppose p - 62 = -l, -2*l = -0*p - 4*p + 242. Let j = -70510 + 70526. What is the remainder when p is divided by j?
13
Let o be ((-28)/6 + -21 + 26)*-27. What is the remainder when 31 is divided by (-3 - (4 - 1))/(o/18)?
7
Suppose 0 = -1919*v + 2136*v - 149079. Calculate the remainder when v is divided by 5.
2
Let b(u) = -270*u**2 + 3 + 268*u**2 + 1 + 4 + 18*u. Let h be b(9). Calculate the remainder when (1366/h - 7) + 3/(-4) is divided by 33.
31
Let a = -10352 - -15499. What is the remainder when a is divided by 35?
2
Let a be 6/(-27) - 116/(-36). Suppose -2*y - j - 171 = -7*y, 3*j = -a. What is the remainder when y is divided by 145/8 - 221/1768?
16
Let f(t) = 119 + 122 + t**2 - 7*t - 228. Let v be f(5). Suppose 0*c = 4*k - v*c - 352, 2*k + 5*c - 150 = 0. What is the remainder when k is divided by 22?
19
What is the remainder when 238 is divided by 5/(-9*(-8)/(-12)) - (-11061)/54?
34
Suppose -2*g - 14 = -72. Let f(d) = 4*d**3 + 40*d**2 - d + 6. Let h be (-136)/14 + 26/(-91). What is the remainder when g is divided by f(h)?
13
Suppose -345*s + 342*s = -714. Suppose -4*r - 38 = -s. What is the remainder when r is divided by 11?
6
Let m = 10554 + -10524. What is the remainder when 682 is divided by m?
22
Suppose -7 = -2*x + 5. Let q be (-1 - -4)*2/x. What is the remainder when -8 + 13 + (4/2 - q) is divided by 3?
0
Calculate the remainder when ((8/3)/((-4)/(-6)))/(236/17995) is divided by 59.
10
Let h = 9 - 13. Let a be h/4 + -1 + 38. Let i = a + -13. Calculate the remainder when 89 is divided by i.
20
Let z(a) = -6*a**2 - 27*a + 90. Let b(w) = 3*w**2 + 14*w - 45. Let r(l) = 5*b(l) + 3*z(l). Calculate the remainder when 399 is divided by r(0).
39
Let r(v) = 2*v + 8. Let n be r(-5). Let h = n + 4. Suppose -h*l = 2*w - 48, 5*w - 3*w = 3*l + 58. What is the remainder when w is divided by 7?
5
Let c be (-7)/(-2) - (-95119)/146. Suppose -16*y + c = -593. What is the remainder when y is divided by 40?
38
Let t = -870 - -978. What is the remainder when 119 is divided by t?
11
Suppose 0 = 6*y - 35 - 739. Calculate the remainder when 1803 is divided by y.
126
Let k(a) = a**2 - 5*a - 1. Let v be ((-12)/10)/((1 + -5)/60). Suppose -23*c = -v*c - 235. What is the remainder when c is divided by k(-2)?
8
Let v(n) = 10*n - 16. Let h be (0/9)/((-2)/(-1)). Let o be (-5)/(-1) + h + -1. Calculate the remainder when 68 is divided by v(o).
20
Suppose -3*i - 2*g = -82, 0 = 2*g - 46 + 30. What is the remainder when 2177 is divided by i?
21
Suppose -5*g - g - 76*g = -48544. What is the remainder when 1186 is divided by g?
2
Suppose 11*g = 6*g. Suppose -4*q - 5*p + 71 = g, -4*p + 2*p = -6. Let h = 725 - 631. What is the remainder when h is divided by q?
10
Let q(j) = 2*j**3 - 26*j**2 + 3*j + 14. Suppose 0 = 2*y - 44 + 202. Let d = y - -92. What is the remainder when q(d) is divided by 19?
15
Let k(a) = 851*a + 1034. Calculate the remainder when 1996 is divided by k(-1).
166
Let f(d) = 15*d**2 - 2*d + 4. Suppose 4*u + 391 = -k, k + 782 = -k - u. Let r = k + 428. What is the remainder when f(-3) is divided by r?
34
Let p = 4747 + -4666. Calculate the remainder when 7775 is divided by p.
80
Let p be 356/(-10) - 24/(-40). Let g = p - -207. Calculate the remainder when g is divided by 6.
4
Let h = 32619 + -32604. Suppose -429 - 64 = -2*q + 5*v, v - 3 = 0. What is the remainder when q is divided by h?
14
Suppose 0 = -23*d - 819 - 1389. Calculate the remainder when d/(0 - -3)*-2 is divided by 25.
14
Let o(c) = -6*c**3 + 113*c**2 + 16*c + 146. What is the remainder when 206 is divided by o(19)?
28
Suppose 2371*x - 18 = 2360*x + 136. What is the remainder when 390 is divided by x?
12
Let w = -207 - -338. Suppose 0 = 21*f - 7*f - 4004. Let j = f